k) be the first derivative of -1/40*k**5 + 0*k + 23 - 4*k**3 + 1/24*k**4 + 0*k**2. Let n(q) be the third derivative of o(q). Give n(-6).
19
Let v(a) = a + 6. Let i = -380 - -657. Suppose 4*j = 241 - i. Determine v(j).
-3
Let t be -28*(-26)/(-39) - 4/((-12)/5). Let n(s) = -3*s - 50. Calculate n(t).
1
Suppose 3 - 25 = -3*i - 4*w, -4*i - 2*w + 36 = 0. Suppose -3*o = i - 10. Let y(v) = -v**2 - v + 7. Give y(o).
7
Let v(o) = -o - 1. Let z be v(-7). Let l(k) = -k**3 - 10*k**2 - 5*k + 8. Let x(m) = 4*m**3 + 32*m**2 + 17*m - 25. Let h(c) = 7*l(c) + 2*x(c). What is h(z)?
0
Let r be 114/152 + (-138)/(-8). Suppose 0 = -17*q + r + 50. Let k(y) = y**3 - 3*y**2 - 5*y + 6. Determine k(q).
2
Let r(l) = 5*l + 8. Let f(o) = -o**3 - 7*o**2 + 33*o + 207. Let z be f(-8). Calculate r(z).
43
Let j(a) be the third derivative of a**5/6 + a**4/12 + a**3/6 - 1151*a**2. Give j(1).
13
Let h(z) = -z**3 + 8*z**2 + 9*z + 3. Let w be h(9). Suppose 1276 = -14*k + w*k. Let r = k + 121. Let c(g) = -g + 4. Determine c(r).
-1
Let o = -3430 - -3423. Let f(j) = -6*j + 6. Give f(o).
48
Let w(j) = 13*j + 310. Let x be w(-23). Let m(y) = 37*y - 415. Determine m(x).
-8
Let b = 5695 + -5703. Let o(j) = 3*j - 16. Determine o(b).
-40
Let f(b) = -2*b - 29. Suppose 1344 = 249*v + 2792 + 3532. Determine f(v).
11
Let o(f) = f**2 - 16*f + 21. Let c be o(10). Let t be (-14)/(c/(-52) + 11/(-4)). Let u(k) = -k**2 + 6*k - 5. Calculate u(t).
-12
Let o(v) = 10*v**2 - 1. Let r be (-333)/(-63) - 2/7. Let j be 0 + -2 + (20 - r). Suppose -j*y + 2 = -11*y. Give o(y).
9
Suppose -4*h - z + 47 = 0, -16 = -h + z - 8. Let i(k) = -k**2 + 16*k - 54. Calculate i(h).
1
Let l(y) = -37*y**2 - 15*y + 36. Let k(t) = -4*t**2 - t + 1. Let u(m) = -18*k(m) + 2*l(m). Give u(3).
0
Let b be 2/7 + 87/42*10. Suppose 0 = m + 19 - b. Let r(y) = -y + 2. Calculate r(m).
0
Let r(m) be the first derivative of 2*m**2 - 58*m + 422. Give r(15).
2
Let d = -951 + 952. Let o(q) = 99*q**2 + 2*q - 1. Give o(d).
100
Let r(o) = 29*o + 8. Let b(v) = 22*v - 177. Let j be b(8). What is r(j)?
-21
Let x(i) = -21*i**3 + 5*i**2 - 13*i + 2. Let y(n) = 10*n**3 - 2*n**2 + 6*n. Let v(c) = 2*x(c) + 5*y(c). Calculate v(-2).
-68
Let w(o) = 13*o**2 + 241*o + 139. Let v be w(-18). Let r(d) = d - 12. Give r(v).
1
Let t(f) = f**3 - 5*f**2 + 9. Let x(s) = 5*s**2 + s - 11. Let i(o) = -4*t(o) - 3*x(o). Determine i(-2).
55
Let q(o) be the third derivative of o**5/60 + o**4/4 - 61*o**3/2 + o**2 - 1785. Determine q(0).
-183
Let h = -1 + 2. Let f be (-2)/(5 - (-2739)/(-342) - -3). Let u(p) = 232*p**2 - 469*p**2 + f*p**2. Calculate u(h).
-9
Let i = -27793 - -27790. Let f(n) = n - 5. Calculate f(i).
-8
Let q = -4233 - -4223. Let d(y) = -y**3 - 13*y**2 - 30*y - 3. Calculate d(q).
-3
Let y(v) = 19*v - 1. Let i(s) = -30*s + 2. Suppose 1444*n = 1437*n - 56. Let m(t) = n*y(t) - 5*i(t). Calculate m(5).
-12
Let s(k) = -k**3 + 14*k**2 - 4*k - 24. Let d be s(13). Let u = d + -93. Let n(r) = -r + 0 + 22 - 2 - r**2. Calculate n(u).
20
Suppose -5 + 45 = -2*v. Let x = 18 + v. Let i be ((-33)/(-22))/(x*1/4). Let q(j) = j**3 + 4*j**2 + 1. Determine q(i).
10
Suppose 2*k = -3*b + 13, -25 = -3*b - 5*k + 6*k. Let v be b/4 + (-2)/(-8). Let x(y) = v + 4*y + 6 - 5. Give x(-4).
-13
Let s(k) = k + 42. Let i(r) = 3*r**2 + 450*r + 881. Let x be i(-148). Give s(x).
35
Suppose -3*c = -z - 2*c + 5, 0 = 4*c + 16. Suppose 7 = -j - 4*s, -28 = -6*j + j + s. Let i(y) = -y + 0*y - j*y**3 + 3 - 2 - y. Calculate i(z).
-6
Suppose 290*r = 296*r + 30. Let a(q) = -2*q - 5. Give a(r).
5
Let r(k) = k**3 - 3*k**2 - k + 3. Let b be r(-3). Let j = b + 53. Suppose 0*o + 45 = j*o. Let w(u) = u**3 - 8*u**2 - 10*u + 7. Give w(o).
-2
Let k(d) = -22004*d**3 + 22003*d**3 - 11 + 43*d**2 + 2*d - 127 + 2*d. Calculate k(43).
34
Let o(a) = a**2 + 8*a + 16. Let d be o(-7). Suppose d*c - 22 = -3*t + 4*c, 11 = -t + 2*c. Let i(y) = -y**2 - y - 1. Give i(t).
-1
Let r(f) = f**3 + 6*f**2 - 2*f - 4. Suppose 67 = 5*n - 3*x, -x - 75 = -5*n + 4*x. Suppose -3*a + 5*b - n = 7, -5*a = 4*b + 30. Determine r(a).
8
Let o(g) be the third derivative of -g**6/120 - g**5/15 - g**3/6 - g**2. Let n = 960 - 479. Let f = 477 - n. Calculate o(f).
-1
Let k(i) be the second derivative of i**4/24 + i**3/3 + i**2 - 3*i. Let c(l) be the first derivative of k(l). Suppose -18*h - 487 = -541. Determine c(h).
5
Let t = 20 - 15. Suppose -2*r + 19 = 5*f, 0 = -t*f + 3*r + 16 + 18. Suppose j + 5*x = -8, 3*x = -f*j - 2*x. Let n(h) = 4*h**2. Give n(j).
16
Let o(f) = 11*f**2 + 3*f - 40. Let j(z) = -19*z**2 - 8*z + 78. Let v(g) = -4*j(g) - 7*o(g). Give v(5).
-2
Suppose -3*c - 2*t - 41 = 0, 80*t = 2*c + 78*t + 44. Let s(u) = -u**2 - 17*u - 1. Give s(c).
-1
Let d(z) be the second derivative of -3/4*z**4 + 21*z - z**2 - 1/20*z**5 - 11/6*z**3 + 0. What is d(-8)?
22
Let r be 0/((2/(-8))/(7/28)). Suppose c + 4*z = -5, -3*c + r*c - 7 = 4*z. Let u(l) = 7*l**3 - l**2 - l - 1. Determine u(c).
-8
Let z be 14/(-4)*(-20)/35. Suppose -2*h - 4 = z*r, r = -5*h - 7 - 11. Let d(m) = -5*m**2 + 2*m**2 + 4*m**r - 3*m. What is d(4)?
4
Let v(t) = -t**3 + 7*t**2 + 9*t - 11. Let n(w) be the first derivative of -5/2*w**2 - 2 - 2*w. Let i be n(-2). What is v(i)?
-3
Let i = -29 - -61. Let w(a) = -35 - 3*a + 59 - i. Let g be w(-4). Let y(f) = -f - 3. Calculate y(g).
-7
Let a(o) = -4*o**2 - 5*o + 5. Let z(n) = n - 1. Let r = -134 + 135. Let v(d) = r*a(d) + 6*z(d). What is v(1)?
-4
Let v(f) = -3*f**3 + 3*f**2 - 1. Suppose -18*i + 15*i - j = 2, 5*i + 5*j + 20 = 0. Give v(i).
-1
Let y(l) = 10*l - 10. Let x be (1/(-6))/((-100)/(-2480)) + (-4)/(-30). Determine y(x).
-50
Let c(v) = -v**2 - 22. Suppose -12 = -2*n + 4*s, 0*n + 44 = 2*n + 4*s. Suppose -2*k - 3 = 13*r - n*r, 3*r = -2*k + 9. Determine c(k).
-22
Let r be ((-288)/(-20))/8*(-30)/(-9) + -10. Let t(p) be the second derivative of p**5/20 + 5*p**4/12 - p**3/3 - 3*p**2 - p. What is t(r)?
18
Suppose 0 = -2*v + 59 - 35. Let l(x) be the first derivative of -v + 5*x + 5 + 2*x**2 - x**2 - 16. Determine l(-4).
-3
Suppose -128 - 52 = 3*o. Let m = -56 - o. Suppose 18 = -3*i + l, -3*l - 22 = m*i + 2. Let t(v) = -v - 3. Determine t(i).
3
Let k(y) = 64*y**2 - 69*y - 102. Let t(m) = 14*m**2 - 17*m - 23. Let v(i) = 2*k(i) - 9*t(i). Calculate v(-12).
111
Let n(u) = -2*u - 6. Let x be n(-4). Let v be (756/(-315))/((-12)/10). Let d(o) = 9*o - v*o - 2 - x*o. Give d(-5).
-27
Let z(a) = -18*a + 0*a + 17 - 16*a - 16*a + 6*a. Determine z(1).
-27
Let l be (-4*14/(-280))/(1/155). Let f = 29 - l. Let m(k) = 2*k**2 - 2*k. Determine m(f).
12
Let v(z) be the second derivative of -z**5/20 + 25*z**4/6 + 23*z**3/3 + 126*z**2 - 1486*z. Calculate v(51).
-3
Let y(s) = 1118*s - 2*s**2 + 103 + 3*s**2 + 19 - 1142*s. Calculate y(16).
-6
Let p be (-114)/76*(-4)/6. Suppose p - 1 = x. Let v(u) = -3*u + 5. Calculate v(x).
5
Let y(j) = -6*j**2 - 1310*j - 30 - 1314*j + 5*j**2 + 2603*j. Determine y(-20).
-10
Let f(h) = -h**3 + 7*h**2 + 8*h + 6. Let g be f(8). Let q(k) = 9*k**2 - 194 - k**3 + 9*k - 4*k**2 + 187. Calculate q(g).
11
Suppose -b + 5 = m + 1, 2*b + 4*m - 12 = 0. Let o(p) be the third derivative of p**6/60 - p**5/15 + p**4/8 - p**3/3 - 36*p**2. Give o(b).
4
Let f(y) = -16*y**2 - 14*y. Let n(g) = 5*g**2 + 5*g. Let x(z) = -4*f(z) - 11*n(z). Suppose 8*w = -14*w + 66. Let o be (-4)/w + (-2)/(-48)*8. What is x(o)?
8
Let t(v) be the first derivative of -9*v**2 + 4*v - 1166. Give t(3).
-50
Let q(r) = -r**2 - r + 1. Let z(u) = u**3 + 6*u**2 - u - 12. Let x(v) = 3*q(v) + z(v). Give x(-3).
3
Suppose -4*v + 250 = 234. Suppose 2*g + 4*s = 26, 4*g + v*s - 6 = 30. Let q(y) = y**3 - 6*y**2 + 2*y + 5. Determine q(g).
-10
Suppose 44*x + 10472 = -154*x - 278*x. Let o(k) = -12*k - 256. Calculate o(x).
8
Suppose 2*g - 9*g = -476. Suppose 2*t - s - 68 = -2*t, 0 = -3*t + 5*s + g. Let r(v) = -t*v**3 - 7*v + 8*v - 5 + 6*v**2 + 15*v**3. Calculate r(6).
1
Let o(r) = -3*r + 6. Let k be o(6). Let y(f) = 3418*f**2 + 231*f + 2 - 243*f - 3419*f**2. Give y(k).
2
Let c(q) = 91*q. Suppose 16 = -3*d + 13. Let a(g) = 2*g. Let n(o) = d*c(o) + 42*a(o). Let p be (-1 - -1) + 0 + 1. Calculate n(p).
-7
Suppose 2*o = -3*k - 35, 62*k = 65*k - 3*o + 30. Let g(i) be the third derivative of i**5/60 + 11*i**4/24 - 5*i**3/6 + 19*i**2. Determine g(k).
-5
Let m(p) = -p**2 - 14*p + 19. Suppose 1932 - 266 = -119*r. Give m(r).
19
